 + (-12)/8*-1. Let u = 35 + f. What is y(u)?
3
Suppose -3*q + 29 = -43. Let h = q - 4. Let t be ((-8)/h)/(3/(-15)). Let i(m) = m**3 - 2*m**2 + 3*m - 1. Determine i(t).
5
Let g(i) = -i**2 + 3 + 27 + 10 - 27 - 7*i. Let w(f) = f**3 + 8*f**2 + 8*f - 2. Let p be w(-6). Suppose 0 = -4*h - 58 + p. Calculate g(h).
-5
Let r(k) = 15*k - 89. Let v(p) = -p**3 - 10*p**2 - 21*p + 5. Let j be v(-7). Let x be r(j). Let g(z) = -z - 22. Determine g(x).
-8
Let r(x) = 13*x**2 + 7*x - 7. Let b(p) = -4*p**2 - p + 2. Let o(i) = -4*b(i) - r(i). Determine o(-1).
5
Let k(g) = g**2 + g - 1. Suppose -4*o - 9 = -0*a + 3*a, -3*a = 3*o + 6. Let f(q) = 78*q - 78*q + 12 + 4 - 3 - 7*q**2. Let y(n) = a*f(n) + 6*k(n). What is y(7)?
0
Suppose 3*l = -5*q + 1 + 3, -5*q = l - 8. Let s be q/6 + (-2 - 8/(-3)). Suppose 13 = 7*g - s. Let p(a) = 3*a - 2. Determine p(g).
4
Let p(f) = 9*f - 15. Suppose 163*a + 260 = 111*a. Give p(a).
-60
Let s(c) be the first derivative of c**3/3 + 7*c**2/2 + 6*c + 1172. What is s(-5)?
-4
Let h(q) = -3*q**2 - 6*q - 8. Let y(o) = -4*o**2 - 6*o - 7. Let p(b) = 3*h(b) - 2*y(b). Let c be 7/((-56)/20)*-1*2. Suppose c*j + 33 = -2. What is p(j)?
-17
Let x be 5*(-12)/(-9) + -6 + 3/9. Let v(n) = 29*n - 2. Calculate v(x).
27
Suppose 4299*c = 4282*c - 51. Let s(x) = 4*x**2 + x - 1. Calculate s(c).
32
Suppose 2*f + 2*t = 4*f + 10, 11 = -f + 4*t. Let m(a) = -a + 9. Let y be m(7). Let q(l) = -l**2 + 14*l - 33*l + 18*l - y. Give q(f).
-8
Let b(q) = q**2 - 9*q + 12. Let t be (-20 - -22 - 16)*(-2)/4. Calculate b(t).
-2
Let g(u) = -u**3 - 17*u**2 - 45*u + 91. Let a be g(-13). Let s(t) = -t**2 + 37*t + 3. Determine s(a).
3
Let u(c) = -c**2 + 8*c + 3. Let h(f) = -22*f - 35. Let y(i) = -19*i - 34. Let x(p) = -6*h(p) + 7*y(p). Let z be x(-35). Give u(z).
10
Let a(z) = z**3 + 5*z**2 + 6*z + 14. Let u be a(-4). Suppose u = -5*p + 36. Let h(s) be the third derivative of -s**4/24 + 2*s**3/3 + s**2. Give h(p).
-2
Suppose 6*n - 530 - 214 = 0. Let w(y) = 2 - 368*y + 122*y + n*y - 18 + 126*y. Determine w(11).
28
Let k be 70/(-9) - (-4)/(-18). Let l(m) = -m - 3. Let i be l(-6). Let n be ((-4)/k)/(i/(-30)). Let d(b) = b**3 + 6*b**2 + 7*b. What is d(n)?
-10
Let a be (-1)/(2/(-9) - (-33)/162). Suppose 8*q + q - a = 0. Let c(g) = -13*g + 1 - q*g + 12*g + 7*g**2 - g**3. Give c(6).
-5
Let v(a) = -a**2 - a - 1. Suppose 3*j - 52 = 233. Suppose 0 = 5*x - 0*x - 5*b - j, 0 = 4*x + 4*b - 68. Let l be (2/(-3))/(6/x) - 0. Calculate v(l).
-3
Let u be 4/(-8)*80/20. Let c(k) = 5*k**2 + 8*k + 2. What is c(u)?
6
Let y(p) = 4*p - 72. Let a be (-3)/(30/(-25))*(-684)/(-95). What is y(a)?
0
Let g(f) be the first derivative of -11*f**4/4 - 3*f**2/2 + f - 589. Give g(2).
-93
Suppose -7*x + 8*x + 3 = 0. Let g(k) = 5*k**3 - 11*k**2 - 4*k + 5. Let z(p) = -4*p**3 + 11*p**2 + 3*p - 4. Let b(f) = x*g(f) - 4*z(f). Give b(11).
1
Suppose -4*w - 3*n + 7 = -0*n, n - 1 = 0. Let c(h) = 0*h + 1 + 16*h + 4*h - 14*h. Calculate c(w).
7
Let u(h) = -2*h**2. Suppose 24 = -0*i + 8*i. Suppose 0 = j - i*m + 19, 3*j + 140 = -j - 4*m. Let d = j - -29. Calculate u(d).
-8
Let r be -9*((-19)/(-95) - 52/60). Let v(j) = 19*j - 106. Determine v(r).
8
Let i = -11 - -13. Let p(z) = 3*z + 7*z + 1006 - 14*z - 1003 + 2*z. What is p(i)?
-1
Suppose 4*v = 5*z + 184, 25*v - 66 = 3*z + 30*v. Let t(k) = -k**3 - 33*k**2 - 36*k - 109. Determine t(z).
19
Let y(p) = 9*p**2 - 7*p + 37. Let o(x) = -7*x**2 + 8*x - 34. Let u(b) = -4*o(b) - 3*y(b). Determine u(10).
15
Let i(v) = 467*v**2 - 21*v + 211. Let x(a) = -267*a**2 + 11*a - 106. Let w(c) = -4*i(c) - 7*x(c). What is w(-14)?
-4
Suppose -4*j + 126 = -3*z + 5*z, -4*z - 2*j = -222. Let w(x) = -z*x - 14 + 54*x + 8. What is w(2)?
-4
Suppose 2*h - 4*j = 24, 4*j = -14 - 6. Let q(w) = -4*w**2 - 2 - 7*w**h + 3*w**2 + 10*w**2 + 3*w. Let g(s) = s - 27. Let d be g(24). Calculate q(d).
7
Let b(o) = -o**2 + 7*o - 11. Let h(g) = 3*g**2 - 18*g + 26. Let p(t) = -5*b(t) - 2*h(t). Determine p(5).
-17
Let i(n) be the first derivative of -n**5/60 + n**4/4 + 2*n**3/3 - 148. Let w(o) be the third derivative of i(o). Calculate w(6).
-6
Let a(o) = -o**3 - 3*o**2 + 4*o - 2. Suppose -5*m = 2*j + 30, 0*j = j. Let z be m/(-14) + (-125)/(-35). Let s be z - (9 + 1 + -2). Give a(s).
-2
Let i(l) = 2*l - 8 + 0*l + 9 - 6*l**2 - 4*l. Let q be 3 + (-7 + 5)/((-4)/6). Let a be 5/q + 26/12 + -2. Determine i(a).
-7
Let m(c) = c**2 - 17*c + 28. Suppose -2208 = 2*z + 3*z + 2*q, 3*q = 2*z + 868. Let d = z - -455. What is m(d)?
-2
Let l = 118 + -166. Let s = -50 - l. Let a(v) = 2 + 2*v**2 + 3*v + 1 - 1 + 0. Determine a(s).
4
Suppose 0 = 10*b - 78 - 62. Let z(j) = -2*j + 37 - 27 - b. Give z(3).
-10
Suppose -9 - 48 = -19*q. Let a be q/(-9) + 1 - 200/(-24). Let w(c) = -c**3 + 10*c**2 - 11*c + 7. Determine w(a).
-11
Let j(o) = -o**2 + 10*o + 7. Let w(l) = -l - 2. Let x(b) = -j(b) - 2*w(b). Let y be -6 + (-3 - 1) + 8. Let m be -8*((-9)/(-6) + y). Calculate x(m).
-19
Let r = 305 - 645. Let p = r - -347. Let f(k) = -k**3 + 8*k**2 - 9*k - 2. What is f(p)?
-16
Suppose 20 = 10*c - 11*c - 4*f, 3*c + 24 = -3*f. Let t(k) = -2*k + 10. Give t(c).
18
Let f(s) = 2*s + 3. Let k = 1992 + -2000. Let x(c) = 2*c**2 + 19 + 11*c + c**2 - 2*c**2. Let v be x(k). What is f(v)?
-7
Let j(i) = -2*i**2 + 57*i + 9. Let c be 232/(-44)*((-35)/6 + (-64)/(-192)). Give j(c).
-20
Let r(a) = -4*a + 6. Let u(w) = -w + 41. Suppose -381*o + 383*o - 68 = 0. Let s be u(o). What is r(s)?
-22
Let c(w) = -w**3 + 10*w**2 + 170*w + 16. Let s be c(19). Let q(p) = -9*p. Calculate q(s).
27
Let v(y) be the first derivative of -y**3/3 - 8*y**2 + 11*y + 1425. Give v(-17).
-6
Suppose 13*k + 3*s = 16*k, 15 = 3*s. Let v(r) = -12*r - 42. Let h be v(k). Let y = h - -105. Let i(z) = -z**3 + 3*z**2 + 2*z - 3. Give i(y).
3
Let q(k) be the first derivative of 21*k**2 + 2. Suppose 5*d + 4*r = -1, 3*d = -r + 124 - 126. Determine q(d).
-42
Let w = -14 + 33. Suppose -w*l = -18*l. Let t(y) = 12*y - 6 - 10*y + l*y. What is t(5)?
4
Let f(a) = 19*a**3 + 15*a**2 - 23. Let z(p) = -16*p**3 - 13*p**2 + p + 20. Let v(g) = -5*f(g) - 6*z(g). Let h = 6 - 11. Calculate v(h).
-25
Let j(s) be the third derivative of -s**5/60 + 7*s**4/8 - 107*s**3/6 + 2215*s**2. Calculate j(13).
-3
Suppose 3*h + 4*t = -39, 50*t - 27 = 4*h + 47*t. Suppose 1 - 9 = -2*j. Let o(x) = 3*x + 3*x + 11 - j*x. Give o(h).
-7
Let a(b) = -b**3 - 48*b**2 - 18*b - 883. Let u be a(-48). Let f(w) = -w**3 - 17*w**2 + 37*w - 15. Calculate f(u).
4
Let f(g) = -2*g + 20. Let s = -1448 + 1453. What is f(s)?
10
Let y = 7768 - 7771. Let d(z) = 0*z + 1 + 2*z - 2*z - 7*z. Give d(y).
22
Let p be (-3 + 2)/((-2)/(-8)). Let v(w) be the third derivative of w**5/60 + w**4/8 - w**3/2 - 3*w**2 - 3*w + 27. Calculate v(p).
1
Let i(b) be the second derivative of b**5/20 + b**4/12 - b**3/3 + 97*b**2/2 - 33*b - 11. Give i(0).
97
Let k(r) = -5*r - 1689 + r**2 + 3381 - 1690. Determine k(10).
52
Let j(i) be the third derivative of -i**5/60 + i**3 - 4506*i**2. Calculate j(-5).
-19
Let f be (-13 + (-364)/(-26))/(1*(3 + -2)). Let k(d) = 26*d + 1. Determine k(f).
27
Let d(y) = -12*y - 197. Suppose 369 = -55*m - 112 - 399. Determine d(m).
-5
Suppose -p - 2*o - 3 = 0, -4*p = -o + 21 + 9. Let b(y) = 7 + y - 6 - 1. Let h(i) = -10*i - 4. Let r(k) = 18*b(k) + 2*h(k). Determine r(p).
6
Let u(s) = s - 34. Suppose 0 = -31*l - 8*l - 7*l + 874. Determine u(l).
-15
Let n(k) = 3*k - 13. Suppose 4*q = -5*d - 72 + 29, -5*q - 5*d = 50. What is n(q)?
-34
Let a be 24/14 - ((-837)/63 - -13). Let j(f) = 19*f - 19*f + 0*f - a*f. Give j(4).
-8
Suppose 4*v - 6 - 2 = 0. Suppose -8 = 3*k + 3*s + 13, 3*k = -v*s - 21. Let i(j) = 10*j + 10*j - 51 - 24*j + 48. Give i(k).
25
Let q(i) = -2*i - 5. Let a be 14/77 - -327*(-10)/(-165). Suppose -a*g + t = -16*g + 21, -g = 2*t - 6. Determine q(g).
3
Let l(j) = j - 10. Let x = 31 - 30. Let p(m) = -x - 1 - 4 - 3. Let t(s) = 3*l(s) - 4*p(s). What is t(-4)?
-6
Suppose 253*g + 386*g + 785 = -146*g. Let v(l) = 2*l**2 - l + 1. Let o be v(1). Let f(p) = 2*p**2 - 2*p**2 + 2*p**o. Give f(g).
2
Let q(l) = -25*l + 270. Let x(s) = 19*s - 200. Let t(j) = -8*q(j) - 11*x(j). What is t(3)?
13
Let s(m) be the first derivative of m**2/2 + 7*m + 113. Let f be (-2)/(-2 + (-9)/(-4)). Let d be (-61)/9 + f/36. Determine s(d).
0
Let q(y) = y**3 + 3*y**2 + 12*y + 4. Suppose -4*b - 153*j + 8 = -155*j, -